{"id":724,"date":"2020-03-23T18:11:36","date_gmt":"2020-03-23T18:11:36","guid":{"rendered":"http:\/\/www.nika-ho.cz\/?page_id=724"},"modified":"2023-03-15T08:04:35","modified_gmt":"2023-03-15T08:04:35","slug":"vystavy","status":"publish","type":"page","link":"https:\/\/www.nika-ho.cz\/?page_id=724","title":{"rendered":"V\u00fdstavy"},"content":{"rendered":"\n<p><strong>03.12.2022<\/strong> &#8211; <em>N\u00e1rodn\u00ed Jubilejn\u00ed v\u00fdstava Brno \u010cR, t\u0159. otev\u0159en\u00e1 V2, r.CAC<\/em><\/p>\n\n\n\n<p><strong>26.11.2022<\/strong> &#8211; <em>MVP Bratislava SK, t\u0159. otev\u0159en\u00e1 V2, r.CAC<\/em> <\/p>\n\n\n\n<p><strong>19.09.2020 &#8211;<\/strong> <em>KV \u010cesk\u00e1 Skalice, \u010cR &#8211; t\u0159. otev\u0159en\u00e1 V4 ( Tich\u00e1, \u010cR )<\/em><\/p>\n\n\n\n<p><strong>02.02.2020&nbsp;&#8211;<\/strong> <em>MVP&nbsp;Brno,&nbsp;\u010cR&nbsp;&#8211;&nbsp;t\u0159.&nbsp;mezit\u0159\u00edda&nbsp;V3&nbsp;(&nbsp;Havelka,&nbsp;SK&nbsp;)<\/em><\/p>\n\n\n\n<p><strong>01.02.2020&nbsp;&#8211;&nbsp;<\/strong><em>MVP Brno, \u010cR &#8211; t\u0159. mezit\u0159\u00edda V1, CAC ( M\u00e1rov\u00e1, \u010cR )<\/em><\/p>\n\n\n\n<p><strong>26.01.2020 &#8211;<\/strong>  <em>MVP Nitra, SK &#8211; t\u0159.mezit\u0159\u00edda V2, r.CAC ( Lozi\u010d )<\/em><\/p>\n\n\n\n<p><strong>25.01.2020 &#8211; <\/strong><em>MVP Nitra, SK &#8211; t\u0159.mezit\u0159\u00edda V2, r.CAC ( Petkevi\u010da )<\/em><\/p>\n\n\n\n<p><strong>24.01.2020 &#8211;<\/strong> <em>MVP Nitra, SK &#8211; t\u0159.mezit\u0159\u00edda V2, r.CAC ( Blaha, Rakousko )<\/em><\/p>\n\n\n\n<p><strong>11.01.2020 &#8211; <\/strong><em>NVP Brno, \u010cR &#8211; t\u0159.mezit\u0159\u00edda V1,CAC,N\u00e1rodn\u00ed v\u00edt\u011bz ( Jan\u010d\u00edk, \u010cR )<\/em><\/p>\n\n\n\n<p class=\"has-text-align-center has-vivid-red-color has-text-color has-large-font-size\"><strong><em>KLUBOV\u00c1 \u0160AMPIONKA \u010cR<\/em><\/strong><\/p>\n\n\n\n<p><strong>08.12.2019 &#8211;<\/strong> <em>MVP Brno, SK &#8211; t\u0159.mezit\u0159\u00edda V5 ( Aleksoski )<\/em><\/p>\n\n\n\n<p><strong>07.12.2019 &#8211;<\/strong> <em>MVP Nitra, SK &#8211; t\u0159.mezit\u0159\u00edda V4 ( Szabo Sandor )<\/em><\/p>\n\n\n\n<p><strong>06.12.2019 &#8211; <\/strong><em>MVP Nitra, SK &#8211; t\u0159.mezit\u0159\u00edda V2,r.CAC ( Krinke, \u010cR )<\/em><\/p>\n\n\n\n<p><strong>27.10.2019 &#8211; <\/strong><em>MVP Bratislava, SK &#8211; t\u0159.mezit\u0159\u00edda V1, CAC, CACIB, BOS ( Jakke )<\/em><\/p>\n\n\n\n<p><strong>07.09.2019 &#8211;<\/strong> <em>NVP Olomouc, \u010cR -t\u0159.mlad\u00fdch V2 ( Kochan, PL )<\/em><\/p>\n\n\n\n<p><strong>09.06.2019 &#8211; <\/strong><em>MVP Nitra, SK &#8211; t\u0159.mlad\u00fdch V2 ( Ramoyski )<\/em><\/p>\n\n\n\n<p><strong>06.04.2019 &#8211; <\/strong><em>NVP Ostrava, \u010cR &#8211; t\u0159. mlad\u00fdch V1, CAJC, BOJ, BOB ( Piskay, SK )<\/em><\/p>\n\n\n\n<p><strong>24.02.2019 &#8211;<\/strong> <em>NVP Bratislava, SK &#8211; t\u0159.mlad\u00fdch V2<\/em><\/p>\n\n\n\n<p><strong>12.01.2019 &#8211; <\/strong><em>NVP Brno, \u010cR &#8211; t\u0159.dorost VN1 ( Piskay, SK )<\/em><\/p>\n\n\n\n<p><strong>08.12.2018 &#8211;<\/strong> <em>MVP Nitra, SK &#8211; t\u0159.dorost VN1 ( Robak )<\/em><\/p>\n\n\n\n<p><\/p>\n","protected":false},"excerpt":{"rendered":"<p>03.12.2022 &#8211; N\u00e1rodn\u00ed Jubilejn\u00ed v\u00fdstava Brno \u010cR, t\u0159. otev\u0159en\u00e1 V2, r.CAC 26.11.2022 &#8211; MVP Bratislava SK, t\u0159. otev\u0159en\u00e1 V2, r.CAC 19.09.2020 &#8211; KV \u010cesk\u00e1 Skalice, \u010cR &#8211; t\u0159. otev\u0159en\u00e1 V4 ( Tich\u00e1, \u010cR ) 02.02.2020&nbsp;&#8211; MVP&nbsp;Brno,&nbsp;\u010cR&nbsp;&#8211;&nbsp;t\u0159.&nbsp;mezit\u0159\u00edda&nbsp;V3&nbsp;(&nbsp;Havelka,&nbsp;SK&nbsp;) 01.02.2020&nbsp;&#8211;&nbsp;MVP Brno, \u010cR &#8211; t\u0159. mezit\u0159\u00edda V1, CAC ( M\u00e1rov\u00e1, \u010cR ) 26.01.2020 &#8211; MVP Nitra, SK &#8211; t\u0159.mezit\u0159\u00edda [&hellip;]<\/p>\n","protected":false},"author":2,"featured_media":0,"parent":257,"menu_order":0,"comment_status":"closed","ping_status":"closed","template":"","meta":{"ngg_post_thumbnail":0,"pgc_sgb_lightbox_settings":"","footnotes":""},"class_list":["post-724","page","type-page","status-publish","hentry"],"_links":{"self":[{"href":"https:\/\/www.nika-ho.cz\/index.php?rest_route=\/wp\/v2\/pages\/724","targetHints":{"allow":["GET"]}}],"collection":[{"href":"https:\/\/www.nika-ho.cz\/index.php?rest_route=\/wp\/v2\/pages"}],"about":[{"href":"https:\/\/www.nika-ho.cz\/index.php?rest_route=\/wp\/v2\/types\/page"}],"author":[{"embeddable":true,"href":"https:\/\/www.nika-ho.cz\/index.php?rest_route=\/wp\/v2\/users\/2"}],"replies":[{"embeddable":true,"href":"https:\/\/www.nika-ho.cz\/index.php?rest_route=%2Fwp%2Fv2%2Fcomments&post=724"}],"version-history":[{"count":13,"href":"https:\/\/www.nika-ho.cz\/index.php?rest_route=\/wp\/v2\/pages\/724\/revisions"}],"predecessor-version":[{"id":2296,"href":"https:\/\/www.nika-ho.cz\/index.php?rest_route=\/wp\/v2\/pages\/724\/revisions\/2296"}],"up":[{"embeddable":true,"href":"https:\/\/www.nika-ho.cz\/index.php?rest_route=\/wp\/v2\/pages\/257"}],"wp:attachment":[{"href":"https:\/\/www.nika-ho.cz\/index.php?rest_route=%2Fwp%2Fv2%2Fmedia&parent=724"}],"curies":[{"name":"wp","href":"https:\/\/api.w.org\/{rel}","templated":true}]}}