{"id":165,"date":"2018-06-23T19:37:24","date_gmt":"2018-06-23T19:37:24","guid":{"rendered":"http:\/\/www.nika-ho.cz\/?page_id=165"},"modified":"2025-05-11T16:50:09","modified_gmt":"2025-05-11T16:50:09","slug":"akce-2018","status":"publish","type":"page","link":"https:\/\/www.nika-ho.cz\/?page_id=165","title":{"rendered":"Akce 2025"},"content":{"rendered":"<div class=\"editable\">\n<h2 style=\"text-align: center;\"><span style=\"font-family: Georgia; font-weight: bold; color: #000000;\">\u010cESK\u00c1 REPUBLIKA<\/span><\/h2>\n<p style=\"text-align: center;\">17.5.2025 &#8211; Krajsk\u00e1 v\u00fdstava Buchlovice<\/p>\n<\/div>\n<div class=\"editable\">\n<h2 style=\"text-align: center;\"><span style=\"font-family: Georgia; font-weight: bold; color: #000000;\">SLOVENSK\u00c1 REPUBLIKA<\/span><\/h2>\n<\/div>\n<p style=\"text-align: center;\">&nbsp; &nbsp; &nbsp; &nbsp; &nbsp; &nbsp;31.5.2025&nbsp; &nbsp;&#8211;&nbsp; KV B\u0160O Malacky&nbsp;<\/p>\n\n\n<p><\/p>\n","protected":false},"excerpt":{"rendered":"<p>\u010cESK\u00c1 REPUBLIKA 17.5.2025 &#8211; Krajsk\u00e1 v\u00fdstava Buchlovice SLOVENSK\u00c1 REPUBLIKA &nbsp; &nbsp; &nbsp; &nbsp; &nbsp; &nbsp;31.5.2025&nbsp; &nbsp;&#8211;&nbsp; KV B\u0160O Malacky&nbsp;<\/p>\n","protected":false},"author":1,"featured_media":0,"parent":4053,"menu_order":4,"comment_status":"closed","ping_status":"closed","template":"","meta":{"ngg_post_thumbnail":0,"pgc_sgb_lightbox_settings":"","footnotes":""},"class_list":["post-165","page","type-page","status-publish","hentry"],"_links":{"self":[{"href":"https:\/\/www.nika-ho.cz\/index.php?rest_route=\/wp\/v2\/pages\/165","targetHints":{"allow":["GET"]}}],"collection":[{"href":"https:\/\/www.nika-ho.cz\/index.php?rest_route=\/wp\/v2\/pages"}],"about":[{"href":"https:\/\/www.nika-ho.cz\/index.php?rest_route=\/wp\/v2\/types\/page"}],"author":[{"embeddable":true,"href":"https:\/\/www.nika-ho.cz\/index.php?rest_route=\/wp\/v2\/users\/1"}],"replies":[{"embeddable":true,"href":"https:\/\/www.nika-ho.cz\/index.php?rest_route=%2Fwp%2Fv2%2Fcomments&post=165"}],"version-history":[{"count":22,"href":"https:\/\/www.nika-ho.cz\/index.php?rest_route=\/wp\/v2\/pages\/165\/revisions"}],"predecessor-version":[{"id":4085,"href":"https:\/\/www.nika-ho.cz\/index.php?rest_route=\/wp\/v2\/pages\/165\/revisions\/4085"}],"up":[{"embeddable":true,"href":"https:\/\/www.nika-ho.cz\/index.php?rest_route=\/wp\/v2\/pages\/4053"}],"wp:attachment":[{"href":"https:\/\/www.nika-ho.cz\/index.php?rest_route=%2Fwp%2Fv2%2Fmedia&parent=165"}],"curies":[{"name":"wp","href":"https:\/\/api.w.org\/{rel}","templated":true}]}}